{"id":9397,"date":"2024-05-27T19:16:06","date_gmt":"2024-05-27T19:16:06","guid":{"rendered":"https:\/\/bogdantopolski.pl\/?page_id=9397"},"modified":"2026-03-25T13:16:55","modified_gmt":"2026-03-25T13:16:55","slug":"blues-fields-lt-pl","status":"publish","type":"page","link":"https:\/\/bogdantopolski.pl\/?page_id=9397","title":{"rendered":"BLUES FIELDS (LT\/PL)"},"content":{"rendered":"\n<figure class=\"wp-block-image size-large\"><a href=\"https:\/\/bogdantopolski.pl\/wp-content\/uploads\/2024\/09\/BLUES-FILEDS_2024_2-scaled.jpg\"><img loading=\"lazy\" decoding=\"async\" width=\"1024\" height=\"644\" src=\"https:\/\/bogdantopolski.pl\/wp-content\/uploads\/2024\/09\/BLUES-FILEDS_2024_2-1024x644.jpg\" alt=\"\" class=\"wp-image-9927\" srcset=\"https:\/\/bogdantopolski.pl\/wp-content\/uploads\/2024\/09\/BLUES-FILEDS_2024_2-1024x644.jpg 1024w, https:\/\/bogdantopolski.pl\/wp-content\/uploads\/2024\/09\/BLUES-FILEDS_2024_2-300x189.jpg 300w, https:\/\/bogdantopolski.pl\/wp-content\/uploads\/2024\/09\/BLUES-FILEDS_2024_2-768x483.jpg 768w, https:\/\/bogdantopolski.pl\/wp-content\/uploads\/2024\/09\/BLUES-FILEDS_2024_2-1536x966.jpg 1536w, https:\/\/bogdantopolski.pl\/wp-content\/uploads\/2024\/09\/BLUES-FILEDS_2024_2-2048x1288.jpg 2048w\" sizes=\"auto, (max-width: 1024px) 100vw, 1024px\" \/><\/a><\/figure>\n\n\n\n<h2 class=\"wp-block-heading\"><\/h2>\n\n\n\n<p class=\"has-text-align-left\">This is a new blues guitar project created in 2024. It is composed of experienced musicians from Lithuania and Poland. The project leaders are two famous musicians: Aleksandr Belkin (Vilnius, Lithuania) and Bogdan Topolski (Suwa\u0142ki, Poland). Their cooperation has been going on for over 10 years in various blues formations and projects. The latest is a joint musical project of an electric and blues guitar nature.<br>The band&#8217;s musicians have collaborated with the best bands in Lithuania and abroad, such as Keb&#8217; Mo&#8217;, Studebaker John, Ian Siegal, Kenny Neal, Bonnie Taylor, Larry Garner, Jack Moore and Buddy Whittington. They have performed at blues festivals in Lithuania, Poland, the Czech Republic, Germany, the Netherlands, France, Norway, Belgium and Italy. They have played on one stage with artists such as John Mayall, Buddy Guy, Robert Cray, Ten Years After, Ana Popovic, Jimmie Vaughan, Walter Trout, Eric Sardinas, Ben Poole, Lance Lopez and others.<\/p>\n\n\n\n<p><strong>Members:<\/strong><br>Aleksandr Belkin \u2013 vocal, guitar, harp<br>Bogdan Topolski \u2013 guitar<br>Olegas Sochinas \u2013 guitar<br>Sergej Sopelev-Vysocki \u2013 bass<br>Witalij Katyshov \u2013 drums<\/p>\n\n\n\n<p><strong>More: <\/strong><\/p>\n\n\n\n<div class=\"wp-block-group is-nowrap is-layout-flex wp-container-core-group-is-layout-ad2f72ca wp-block-group-is-layout-flex\">\n<div class=\"wp-block-group\"><div class=\"wp-block-group__inner-container is-layout-constrained wp-block-group-is-layout-constrained\">\n<div class=\"wp-block-columns is-layout-flex wp-container-core-columns-is-layout-9d6595d7 wp-block-columns-is-layout-flex\">\n<div class=\"wp-block-column is-layout-flow wp-block-column-is-layout-flow\" style=\"flex-basis:100%\">\n<figure class=\"wp-block-gallery has-nested-images columns-default is-cropped wp-block-gallery-1 is-layout-flex wp-block-gallery-is-layout-flex\">\n<figure class=\"wp-block-image size-full\"><a href=\"https:\/\/www.facebook.com\/MoorePlaysMoore\" target=\"_blank\" rel=\" noreferrer noopener\"><img loading=\"lazy\" decoding=\"async\" width=\"45\" height=\"45\" data-id=\"12383\" src=\"https:\/\/bogdantopolski.pl\/wp-content\/uploads\/2026\/01\/FB.jpg\" alt=\"\" class=\"wp-image-12383\"\/><\/a><\/figure>\n\n\n\n<figure class=\"wp-block-image size-large is-resized\"><a href=\"https:\/\/www.reverbnation.com\/bluesfields\" target=\"_blank\" rel=\" noreferrer noopener\"><img loading=\"lazy\" decoding=\"async\" width=\"400\" height=\"400\" data-id=\"12388\" src=\"https:\/\/bogdantopolski.pl\/wp-content\/uploads\/2026\/01\/idVGp9KvR-_1768313733585.jpeg\" alt=\"\" class=\"wp-image-12388\" style=\"width:40px;height:auto\" srcset=\"https:\/\/bogdantopolski.pl\/wp-content\/uploads\/2026\/01\/idVGp9KvR-_1768313733585.jpeg 400w, https:\/\/bogdantopolski.pl\/wp-content\/uploads\/2026\/01\/idVGp9KvR-_1768313733585-300x300.jpeg 300w, https:\/\/bogdantopolski.pl\/wp-content\/uploads\/2026\/01\/idVGp9KvR-_1768313733585-150x150.jpeg 150w, https:\/\/bogdantopolski.pl\/wp-content\/uploads\/2026\/01\/idVGp9KvR-_1768313733585-80x80.jpeg 80w, https:\/\/bogdantopolski.pl\/wp-content\/uploads\/2026\/01\/idVGp9KvR-_1768313733585-320x320.jpeg 320w\" sizes=\"auto, (max-width: 400px) 100vw, 400px\" \/><\/a><\/figure>\n<\/figure>\n<\/div>\n<\/div>\n<\/div><\/div>\n<\/div>\n\n\n\n<hr class=\"wp-block-separator has-alpha-channel-opacity\"\/>\n\n\n\n<h2 class=\"wp-block-heading\"><\/h2>\n\n\n\n<p><strong>Upcoming shows:<\/strong><br>9.05 Vilnius, LT, Lucille Blues Bar<br><br>12.06 Tukums, LV, Blues Party<br>13.06 Veivir\u017e\u0117nai, LT, Country Fest<br>18.06 Valasske Mezirici, CZ, <a href=\"https:\/\/spalicek.kzvalmez.cz\/\" data-type=\"link\" data-id=\"https:\/\/spalicek.kzvalmez.cz\/\" target=\"_blank\" rel=\"noreferrer noopener\">Vala\u0161sk\u00fd Spal\u00ed\u010dek&nbsp;<\/a><\/p>\n\n\n\n<p>3.07 Varniai, LT, Bliuzo Naktys 2026<\/p>\n\n\n\n<h2 class=\"wp-block-heading\"><\/h2>\n\n\n\n<hr class=\"wp-block-separator has-alpha-channel-opacity\"\/>\n\n\n\n<figure class=\"wp-block-image size-large\"><a href=\"https:\/\/bogdantopolski.pl\/wp-content\/uploads\/2025\/04\/BLUES-FIELDS_2025-scaled.jpg\"><img loading=\"lazy\" decoding=\"async\" width=\"1024\" height=\"683\" src=\"https:\/\/bogdantopolski.pl\/wp-content\/uploads\/2025\/04\/BLUES-FIELDS_2025-1024x683.jpg\" alt=\"\" class=\"wp-image-11201\" srcset=\"https:\/\/bogdantopolski.pl\/wp-content\/uploads\/2025\/04\/BLUES-FIELDS_2025-1024x683.jpg 1024w, https:\/\/bogdantopolski.pl\/wp-content\/uploads\/2025\/04\/BLUES-FIELDS_2025-300x200.jpg 300w, https:\/\/bogdantopolski.pl\/wp-content\/uploads\/2025\/04\/BLUES-FIELDS_2025-768x512.jpg 768w, https:\/\/bogdantopolski.pl\/wp-content\/uploads\/2025\/04\/BLUES-FIELDS_2025-1536x1024.jpg 1536w, https:\/\/bogdantopolski.pl\/wp-content\/uploads\/2025\/04\/BLUES-FIELDS_2025-2048x1366.jpg 2048w\" sizes=\"auto, (max-width: 1024px) 100vw, 1024px\" \/><\/a><\/figure>\n\n\n\n<h2 class=\"wp-block-heading\"><\/h2>\n\n\n<div class=\"wp-block-image\">\n<figure class=\"aligncenter size-large is-resized\"><a href=\"https:\/\/bogdantopolski.pl\/wp-content\/uploads\/2024\/06\/BLUES-FIELDS.jpg\"><img loading=\"lazy\" decoding=\"async\" width=\"999\" height=\"1024\" src=\"https:\/\/bogdantopolski.pl\/wp-content\/uploads\/2024\/06\/BLUES-FIELDS-999x1024.jpg\" alt=\"\" class=\"wp-image-9476\" style=\"width:483px;height:auto\" srcset=\"https:\/\/bogdantopolski.pl\/wp-content\/uploads\/2024\/06\/BLUES-FIELDS-999x1024.jpg 999w, https:\/\/bogdantopolski.pl\/wp-content\/uploads\/2024\/06\/BLUES-FIELDS-293x300.jpg 293w, https:\/\/bogdantopolski.pl\/wp-content\/uploads\/2024\/06\/BLUES-FIELDS-768x787.jpg 768w, https:\/\/bogdantopolski.pl\/wp-content\/uploads\/2024\/06\/BLUES-FIELDS-1499x1536.jpg 1499w, https:\/\/bogdantopolski.pl\/wp-content\/uploads\/2024\/06\/BLUES-FIELDS-1998x2048.jpg 1998w\" sizes=\"auto, (max-width: 999px) 100vw, 999px\" \/><\/a><\/figure>\n<\/div>\n\n\n<figure class=\"wp-block-image size-large\"><a href=\"https:\/\/bogdantopolski.pl\/wp-content\/uploads\/2024\/09\/BLUES-FIELDS_2024_3.jpg\"><img loading=\"lazy\" decoding=\"async\" width=\"1024\" height=\"640\" src=\"https:\/\/bogdantopolski.pl\/wp-content\/uploads\/2024\/09\/BLUES-FIELDS_2024_3-1024x640.jpg\" alt=\"\" class=\"wp-image-9966\" srcset=\"https:\/\/bogdantopolski.pl\/wp-content\/uploads\/2024\/09\/BLUES-FIELDS_2024_3-1024x640.jpg 1024w, https:\/\/bogdantopolski.pl\/wp-content\/uploads\/2024\/09\/BLUES-FIELDS_2024_3-300x188.jpg 300w, https:\/\/bogdantopolski.pl\/wp-content\/uploads\/2024\/09\/BLUES-FIELDS_2024_3-768x480.jpg 768w, https:\/\/bogdantopolski.pl\/wp-content\/uploads\/2024\/09\/BLUES-FIELDS_2024_3-1536x960.jpg 1536w, https:\/\/bogdantopolski.pl\/wp-content\/uploads\/2024\/09\/BLUES-FIELDS_2024_3.jpg 1920w\" sizes=\"auto, (max-width: 1024px) 100vw, 1024px\" \/><\/a><\/figure>\n\n\n\n<h2 class=\"wp-block-heading\"><\/h2>\n\n\n\n<hr class=\"wp-block-separator has-alpha-channel-opacity\"\/>\n\n\n\n<p><strong>Video:<\/strong><\/p>\n\n\n\n<figure class=\"wp-block-embed is-type-video is-provider-youtube wp-block-embed-youtube wp-embed-aspect-16-9 wp-has-aspect-ratio\"><div class=\"wp-block-embed__wrapper\">\n<div class=\"video-container\"><iframe loading=\"lazy\" title=\"BLUES FIELDS - It Drives Me Crazy (A. Belkin)\" width=\"500\" height=\"281\" src=\"https:\/\/www.youtube.com\/embed\/DOyBPP_iJHE?feature=oembed&#038;wmode=opaque\" frameborder=\"0\" allow=\"accelerometer; autoplay; clipboard-write; encrypted-media; gyroscope; picture-in-picture; web-share\" referrerpolicy=\"strict-origin-when-cross-origin\" allowfullscreen><\/iframe><\/div>\n<\/div><\/figure>\n\n\n\n<h2 class=\"wp-block-heading\"><\/h2>\n\n\n\n<figure class=\"wp-block-embed is-type-video is-provider-youtube wp-block-embed-youtube wp-embed-aspect-16-9 wp-has-aspect-ratio\"><div class=\"wp-block-embed__wrapper\">\n<div class=\"video-container\"><iframe loading=\"lazy\" title=\"BLUES FIELDS - BIG BOSS MAN @ Elektrenai Blues &amp; Jazz Fest 2024\" width=\"500\" height=\"281\" src=\"https:\/\/www.youtube.com\/embed\/ykue7gYZWpU?feature=oembed&#038;wmode=opaque\" frameborder=\"0\" allow=\"accelerometer; autoplay; clipboard-write; encrypted-media; gyroscope; picture-in-picture; web-share\" referrerpolicy=\"strict-origin-when-cross-origin\" allowfullscreen><\/iframe><\/div>\n<\/div><\/figure>\n\n\n\n<h2 class=\"wp-block-heading\"><\/h2>\n\n\n\n<figure class=\"wp-block-embed is-type-video is-provider-youtube wp-block-embed-youtube wp-embed-aspect-16-9 wp-has-aspect-ratio\"><div class=\"wp-block-embed__wrapper\">\n<div class=\"video-container\"><iframe loading=\"lazy\" title=\"BLUES FIELDS - Who&#039;s Been Talkin @ Elektrenai Blues &amp; Jazz Fest 2024\" width=\"500\" height=\"281\" src=\"https:\/\/www.youtube.com\/embed\/ESMdRksi9WM?feature=oembed&#038;wmode=opaque\" frameborder=\"0\" allow=\"accelerometer; autoplay; clipboard-write; encrypted-media; gyroscope; picture-in-picture; web-share\" referrerpolicy=\"strict-origin-when-cross-origin\" allowfullscreen><\/iframe><\/div>\n<\/div><\/figure>\n\n\n\n<h2 class=\"wp-block-heading\"><\/h2>\n\n\n\n<figure class=\"wp-block-embed is-type-video is-provider-youtube wp-block-embed-youtube wp-embed-aspect-16-9 wp-has-aspect-ratio\"><div class=\"wp-block-embed__wrapper\">\n<div class=\"video-container\"><iframe loading=\"lazy\" title=\"BLUES FIELDS at Elektrenai Blues &amp; Jazz Fest&#039;24 - THAT GIRL IS MINE (A. Belkin)\" width=\"500\" height=\"281\" src=\"https:\/\/www.youtube.com\/embed\/Ib2RaeV-A-A?start=37&#038;feature=oembed&#038;wmode=opaque\" frameborder=\"0\" allow=\"accelerometer; autoplay; clipboard-write; encrypted-media; gyroscope; picture-in-picture; web-share\" referrerpolicy=\"strict-origin-when-cross-origin\" allowfullscreen><\/iframe><\/div>\n<\/div><\/figure>\n\n\n\n<h2 class=\"wp-block-heading\"><\/h2>\n\n\n<div class=\"wp-block-image\">\n<figure class=\"aligncenter size-large\"><a href=\"https:\/\/bogdantopolski.pl\/wp-content\/uploads\/2024\/09\/0065.-Sunskai-Blues-scaled.jpg\"><img loading=\"lazy\" decoding=\"async\" width=\"1024\" height=\"714\" src=\"https:\/\/bogdantopolski.pl\/wp-content\/uploads\/2024\/09\/0065.-Sunskai-Blues-1024x714.jpg\" alt=\"\" class=\"wp-image-10030\" srcset=\"https:\/\/bogdantopolski.pl\/wp-content\/uploads\/2024\/09\/0065.-Sunskai-Blues-1024x714.jpg 1024w, https:\/\/bogdantopolski.pl\/wp-content\/uploads\/2024\/09\/0065.-Sunskai-Blues-300x209.jpg 300w, https:\/\/bogdantopolski.pl\/wp-content\/uploads\/2024\/09\/0065.-Sunskai-Blues-768x536.jpg 768w, https:\/\/bogdantopolski.pl\/wp-content\/uploads\/2024\/09\/0065.-Sunskai-Blues-1536x1071.jpg 1536w, https:\/\/bogdantopolski.pl\/wp-content\/uploads\/2024\/09\/0065.-Sunskai-Blues-2048x1429.jpg 2048w\" sizes=\"auto, (max-width: 1024px) 100vw, 1024px\" \/><\/a><\/figure>\n<\/div>\n\n\n<hr class=\"wp-block-separator has-alpha-channel-opacity\"\/>\n\n\n\n<p><strong>Past shows:<\/strong><br><strong>2026<\/strong><br>12.03 Magdalenka, PL, Blues House Party<br>13.03 Cz\u0119stochowa, PL,&nbsp;<a href=\"https:\/\/www.facebook.com\/kimatyczestochowa\/?locale=pl_PL\" target=\"_blank\" rel=\"noreferrer noopener\">Klimaty Restaurant<br><\/a>14.03 \u017bory, PL,&nbsp;<a href=\"https:\/\/www.facebook.com\/blueszory\/?locale=pl_PL\" target=\"_blank\" rel=\"noreferrer noopener\">\u017borski Amok Bluesowy<\/a><br>15.03 Katowice, PL,&nbsp;<a href=\"https:\/\/www.facebook.com\/p\/KATO-Blues-FACES-61565578501746\/?locale=pl_PL\" target=\"_blank\" rel=\"noreferrer noopener\">Kato Blues Faces<\/a><\/p>\n\n\n\n<figure class=\"wp-block-image size-large is-resized\"><a href=\"https:\/\/bogdantopolski.pl\/wp-content\/uploads\/2026\/01\/Blues-Fields_Poland-Tour-2026_info.jpg\"><img loading=\"lazy\" decoding=\"async\" width=\"768\" height=\"1024\" src=\"https:\/\/bogdantopolski.pl\/wp-content\/uploads\/2026\/01\/Blues-Fields_Poland-Tour-2026_info-768x1024.jpg\" alt=\"\" class=\"wp-image-12540\" style=\"aspect-ratio:0.7500058014062608;width:457px;height:auto\" srcset=\"https:\/\/bogdantopolski.pl\/wp-content\/uploads\/2026\/01\/Blues-Fields_Poland-Tour-2026_info-768x1024.jpg 768w, https:\/\/bogdantopolski.pl\/wp-content\/uploads\/2026\/01\/Blues-Fields_Poland-Tour-2026_info-225x300.jpg 225w, https:\/\/bogdantopolski.pl\/wp-content\/uploads\/2026\/01\/Blues-Fields_Poland-Tour-2026_info-1152x1536.jpg 1152w, https:\/\/bogdantopolski.pl\/wp-content\/uploads\/2026\/01\/Blues-Fields_Poland-Tour-2026_info.jpg 1200w\" sizes=\"auto, (max-width: 768px) 100vw, 768px\" \/><\/a><\/figure>\n\n\n\n<h2 class=\"wp-block-heading\"><\/h2>\n\n\n\n<p><strong>2025<\/strong><br>28.11 Alytus, LT,<a href=\"https:\/\/www.facebook.com\/alytusblues\/?locale=lt_LT\">&nbsp;Alytus Blues Club<\/a><br>22.11 Toru\u0144, PL,&nbsp;<a href=\"https:\/\/www.facebook.com\/bluesmeeting\/?locale=pl_PL\">Toru\u0144 Blues Meeting 2025<\/a>&nbsp;<br>20.11 Suwa\u0142ki, PL,&nbsp;<a href=\"https:\/\/www.facebook.com\/pizzeriarozmarino\/?locale=pl_PL\">Rozmarino<\/a>&nbsp;\/<br><br>20.09 Warszawa, PL,&nbsp;Ochota Blues Festival&nbsp;<br>20.09 \u0141om\u017ca, PL,&nbsp;<a href=\"https:\/\/www.facebook.com\/pdblomza\/\">Polish Blues Day<\/a><br>19.09 Kalvarija, LT,&nbsp;<a href=\"https:\/\/www.facebook.com\/imperatakavine\/\">Imperata<\/a>&nbsp;<br>13.09 Vilnius, LT,&nbsp;<a href=\"https:\/\/www.bilietai.lt\/lit\/renginiai\/koncertai\/elektrine-terasa-gyvai--sky-blues-festival-478112\/?shop_provider=rcmdLit\">Sky Blues Festival<\/a>&nbsp;<br><br>23.07 Narcao, IT,&nbsp;<a href=\"https:\/\/www.narcaoblues.it\/\" target=\"_blank\" rel=\"noreferrer noopener\">Narcao Blues Festival 2025<\/a>&nbsp;<\/p>\n\n\n\n<p>7.06 Kalvarija, LT,&nbsp;<a href=\"https:\/\/www.kalvarija.lt\/renginiai\/festivalis-suvalku-bliuzo-aidas-lietuvoje\/\" target=\"_blank\" rel=\"noreferrer noopener\">Kalvarijos Rock Blues Festival 2025<\/a>&nbsp;<br><br>12.04 Skogalis,&nbsp;LT,&nbsp;<a href=\"https:\/\/sedula.lt\/\">Poilsiaviet\u0117 Sedula<\/a>&nbsp;<br>11.04 Tukums, LV,&nbsp;<a href=\"https:\/\/bogdantopolski.pl\/wp-content\/uploads\/2025\/01\/BLUES-FIELDS_2025-Tukums.jpg\" target=\"_blank\" rel=\"noreferrer noopener\">blues party<\/a>&nbsp;<br>10.04 Vilnius, LT,&nbsp;<a href=\"https:\/\/www.facebook.com\/lucillebluesbar\/?locale=pl_PL\" target=\"_blank\" rel=\"noreferrer noopener\">Lucille Blues Bar<\/a>&nbsp;<br><br><strong>2024<\/strong><br>30.08 Elektrenai, LT, Blues &amp; Jazz Festival 2024 <br>10.08 Sunskai, LT,&nbsp;Suvalk\u0173 Bliuzo Aidas Lietuvoje<br>9.08 Suwa\u0142ki, PL,&nbsp;Rozmarino<\/p>\n\n\n\n<h2 class=\"wp-block-heading\"><\/h2>\n\n\n\n<figure class=\"wp-block-image size-large is-resized\"><a href=\"https:\/\/bogdantopolski.pl\/wp-content\/uploads\/2025\/10\/BLUES-FIELDS_Nov_2025.jpg\"><img loading=\"lazy\" decoding=\"async\" width=\"768\" height=\"1024\" src=\"https:\/\/bogdantopolski.pl\/wp-content\/uploads\/2025\/10\/BLUES-FIELDS_Nov_2025-768x1024.jpg\" alt=\"\" class=\"wp-image-11888\" style=\"width:454px;height:auto\" srcset=\"https:\/\/bogdantopolski.pl\/wp-content\/uploads\/2025\/10\/BLUES-FIELDS_Nov_2025-768x1023.jpg 768w, https:\/\/bogdantopolski.pl\/wp-content\/uploads\/2025\/10\/BLUES-FIELDS_Nov_2025-225x300.jpg 225w, https:\/\/bogdantopolski.pl\/wp-content\/uploads\/2025\/10\/BLUES-FIELDS_Nov_2025-1153x1536.jpg 1153w, https:\/\/bogdantopolski.pl\/wp-content\/uploads\/2025\/10\/BLUES-FIELDS_Nov_2025.jpg 1200w\" sizes=\"auto, (max-width: 768px) 100vw, 768px\" \/><\/a><\/figure>\n\n\n\n<h2 class=\"wp-block-heading\"><\/h2>\n\n\n\n<figure class=\"wp-block-image size-large is-resized\"><a href=\"https:\/\/bogdantopolski.pl\/wp-content\/uploads\/2025\/08\/BLUES-FIEDLS_September-Tour-2025-scaled.jpg\"><img loading=\"lazy\" decoding=\"async\" width=\"768\" height=\"1024\" src=\"https:\/\/bogdantopolski.pl\/wp-content\/uploads\/2025\/08\/BLUES-FIEDLS_September-Tour-2025-768x1024.jpg\" alt=\"\" class=\"wp-image-11619\" style=\"width:456px;height:auto\" srcset=\"https:\/\/bogdantopolski.pl\/wp-content\/uploads\/2025\/08\/BLUES-FIEDLS_September-Tour-2025-768x1024.jpg 768w, https:\/\/bogdantopolski.pl\/wp-content\/uploads\/2025\/08\/BLUES-FIEDLS_September-Tour-2025-225x300.jpg 225w, https:\/\/bogdantopolski.pl\/wp-content\/uploads\/2025\/08\/BLUES-FIEDLS_September-Tour-2025-1152x1536.jpg 1152w, https:\/\/bogdantopolski.pl\/wp-content\/uploads\/2025\/08\/BLUES-FIEDLS_September-Tour-2025-1536x2048.jpg 1536w, https:\/\/bogdantopolski.pl\/wp-content\/uploads\/2025\/08\/BLUES-FIEDLS_September-Tour-2025-scaled.jpg 1920w\" sizes=\"auto, (max-width: 768px) 100vw, 768px\" \/><\/a><\/figure>\n\n\n\n<h2 class=\"wp-block-heading\"><\/h2>\n\n\n\n<figure class=\"wp-block-image size-large is-resized\"><a href=\"https:\/\/bogdantopolski.pl\/wp-content\/uploads\/2025\/07\/narcao-25.jpg\"><img loading=\"lazy\" decoding=\"async\" width=\"819\" height=\"1024\" src=\"https:\/\/bogdantopolski.pl\/wp-content\/uploads\/2025\/07\/narcao-25-819x1024.jpg\" alt=\"\" class=\"wp-image-11497\" style=\"width:456px;height:auto\" srcset=\"https:\/\/bogdantopolski.pl\/wp-content\/uploads\/2025\/07\/narcao-25-819x1024.jpg 819w, https:\/\/bogdantopolski.pl\/wp-content\/uploads\/2025\/07\/narcao-25-240x300.jpg 240w, https:\/\/bogdantopolski.pl\/wp-content\/uploads\/2025\/07\/narcao-25-768x960.jpg 768w, https:\/\/bogdantopolski.pl\/wp-content\/uploads\/2025\/07\/narcao-25-1229x1536.jpg 1229w, https:\/\/bogdantopolski.pl\/wp-content\/uploads\/2025\/07\/narcao-25.jpg 1280w\" sizes=\"auto, (max-width: 819px) 100vw, 819px\" \/><\/a><\/figure>\n\n\n\n<h2 class=\"wp-block-heading\"><\/h2>\n\n\n\n<figure class=\"wp-block-image size-large is-resized\"><a href=\"https:\/\/bogdantopolski.pl\/wp-content\/uploads\/2025\/06\/Kalvarija_rock-blues-festival_1.jpg\"><img loading=\"lazy\" decoding=\"async\" width=\"1024\" height=\"567\" src=\"https:\/\/bogdantopolski.pl\/wp-content\/uploads\/2025\/06\/Kalvarija_rock-blues-festival_1-1024x567.jpg\" alt=\"\" class=\"wp-image-11420\" style=\"width:459px;height:auto\" srcset=\"https:\/\/bogdantopolski.pl\/wp-content\/uploads\/2025\/06\/Kalvarija_rock-blues-festival_1-1024x567.jpg 1024w, https:\/\/bogdantopolski.pl\/wp-content\/uploads\/2025\/06\/Kalvarija_rock-blues-festival_1-300x166.jpg 300w, https:\/\/bogdantopolski.pl\/wp-content\/uploads\/2025\/06\/Kalvarija_rock-blues-festival_1-768x425.jpg 768w, https:\/\/bogdantopolski.pl\/wp-content\/uploads\/2025\/06\/Kalvarija_rock-blues-festival_1-1536x850.jpg 1536w, https:\/\/bogdantopolski.pl\/wp-content\/uploads\/2025\/06\/Kalvarija_rock-blues-festival_1-2048x1134.jpg 2048w\" sizes=\"auto, (max-width: 1024px) 100vw, 1024px\" \/><\/a><\/figure>\n\n\n\n<h2 class=\"wp-block-heading\"><\/h2>\n\n\n\n<figure class=\"wp-block-image size-large is-resized\"><a href=\"https:\/\/bogdantopolski.pl\/wp-content\/uploads\/2025\/02\/Blues-Fields_2025.jpg\"><img loading=\"lazy\" decoding=\"async\" width=\"768\" height=\"1024\" src=\"https:\/\/bogdantopolski.pl\/wp-content\/uploads\/2025\/02\/Blues-Fields_2025-768x1024.jpg\" alt=\"\" class=\"wp-image-10898\" style=\"width:461px;height:auto\" srcset=\"https:\/\/bogdantopolski.pl\/wp-content\/uploads\/2025\/02\/Blues-Fields_2025-768x1024.jpg 768w, https:\/\/bogdantopolski.pl\/wp-content\/uploads\/2025\/02\/Blues-Fields_2025-225x300.jpg 225w, https:\/\/bogdantopolski.pl\/wp-content\/uploads\/2025\/02\/Blues-Fields_2025-1152x1536.jpg 1152w, https:\/\/bogdantopolski.pl\/wp-content\/uploads\/2025\/02\/Blues-Fields_2025-1536x2048.jpg 1536w, https:\/\/bogdantopolski.pl\/wp-content\/uploads\/2025\/02\/Blues-Fields_2025.jpg 1875w\" sizes=\"auto, (max-width: 768px) 100vw, 768px\" \/><\/a><\/figure>\n\n\n\n<h2 class=\"wp-block-heading\"><\/h2>\n\n\n\n<figure class=\"wp-block-image size-large is-resized\"><a href=\"https:\/\/bogdantopolski.pl\/wp-content\/uploads\/2024\/09\/BLUES-FIELDS_2024.jpg\"><img loading=\"lazy\" decoding=\"async\" width=\"866\" height=\"1024\" src=\"https:\/\/bogdantopolski.pl\/wp-content\/uploads\/2024\/09\/BLUES-FIELDS_2024-866x1024.jpg\" alt=\"\" class=\"wp-image-9865\" style=\"width:462px;height:auto\" srcset=\"https:\/\/bogdantopolski.pl\/wp-content\/uploads\/2024\/09\/BLUES-FIELDS_2024-866x1024.jpg 866w, https:\/\/bogdantopolski.pl\/wp-content\/uploads\/2024\/09\/BLUES-FIELDS_2024-254x300.jpg 254w, https:\/\/bogdantopolski.pl\/wp-content\/uploads\/2024\/09\/BLUES-FIELDS_2024-768x908.jpg 768w, https:\/\/bogdantopolski.pl\/wp-content\/uploads\/2024\/09\/BLUES-FIELDS_2024.jpg 892w\" sizes=\"auto, (max-width: 866px) 100vw, 866px\" \/><\/a><\/figure>\n\n\n\n<h2 class=\"wp-block-heading\"><\/h2>\n\n\n\n<hr class=\"wp-block-separator has-alpha-channel-opacity\"\/>\n\n\n\n<p><strong><a href=\"https:\/\/bogdantopolski.pl\/wp-content\/uploads\/2025\/11\/BLUES-FIELDS_info_promo_LT.pdf\">Promo in LT<\/a><\/strong><br><strong><a href=\"https:\/\/bogdantopolski.pl\/wp-content\/uploads\/2025\/11\/BLUES-FIELDS_info_promo_PL.pdf\">Promo in PL<\/a><br><a href=\"https:\/\/bogdantopolski.pl\/wp-content\/uploads\/2024\/08\/BLUES-FIELDS_poster.jpg\" data-type=\"link\" data-id=\"https:\/\/bogdantopolski.pl\/wp-content\/uploads\/2024\/08\/BLUES-FIELDS_poster.jpg\" target=\"_blank\" rel=\"noreferrer noopener\">Poster<\/a><\/strong><br><strong><a href=\"https:\/\/bogdantopolski.pl\/wp-content\/uploads\/2025\/07\/BLUES-FIELDS-scaled.jpg\">Photo<\/a><br><a href=\"https:\/\/bogdantopolski.pl\/wp-content\/uploads\/2025\/09\/rider_BLUES-FIELDS_2.pdf\">Technical rider<\/a><\/strong><\/p>\n","protected":false},"excerpt":{"rendered":"<p>This is a new blues guitar project created in 2024. It is composed of experienced musicians from Lithuania and Poland. The project leaders are two famous musicians: Aleksandr Belkin (Vilnius, Lithuania) and&#46;&#46;&#46;<\/p>\n","protected":false},"author":1,"featured_media":0,"parent":0,"menu_order":0,"comment_status":"closed","ping_status":"closed","template":"","meta":{"footnotes":""},"class_list":["post-9397","page","type-page","status-publish","hentry"],"_links":{"self":[{"href":"https:\/\/bogdantopolski.pl\/index.php?rest_route=\/wp\/v2\/pages\/9397","targetHints":{"allow":["GET"]}}],"collection":[{"href":"https:\/\/bogdantopolski.pl\/index.php?rest_route=\/wp\/v2\/pages"}],"about":[{"href":"https:\/\/bogdantopolski.pl\/index.php?rest_route=\/wp\/v2\/types\/page"}],"author":[{"embeddable":true,"href":"https:\/\/bogdantopolski.pl\/index.php?rest_route=\/wp\/v2\/users\/1"}],"replies":[{"embeddable":true,"href":"https:\/\/bogdantopolski.pl\/index.php?rest_route=%2Fwp%2Fv2%2Fcomments&post=9397"}],"version-history":[{"count":160,"href":"https:\/\/bogdantopolski.pl\/index.php?rest_route=\/wp\/v2\/pages\/9397\/revisions"}],"predecessor-version":[{"id":12875,"href":"https:\/\/bogdantopolski.pl\/index.php?rest_route=\/wp\/v2\/pages\/9397\/revisions\/12875"}],"wp:attachment":[{"href":"https:\/\/bogdantopolski.pl\/index.php?rest_route=%2Fwp%2Fv2%2Fmedia&parent=9397"}],"curies":[{"name":"wp","href":"https:\/\/api.w.org\/{rel}","templated":true}]}}